f 21?
False
Suppose 1 = 2*u + 9. Let r be -3 - (u + -4 + 1). Does 30 divide 118/r + (-3)/(-6)?
True
Let r = -26 - -14. Let w = r - -32. Suppose 3*o - 20 - w = -4*v, -44 = -4*o + 4*v. Does 4 divide o?
True
Let i(n) be the third derivative of n**4/8 + 5*n**3/6 - 18*n**2. Does 17 divide i(4)?
True
Let t(c) = c**2 - 2*c - 3. Let d(n) = -2*n - 5. Let x be d(-4). Let h be t(x). Suppose h = 4*a - 21 - 207. Is 12 a factor of a?
False
Suppose 124 = 4*k - 3*m, -k - 4*m = 2*k - 118. Suppose -3*g + k + 26 = 0. Does 4 divide g?
True
Is 47 a factor of 24/(-42) + 32628/14?
False
Let o(m) = 4 + m**2 - 4*m - m - 11*m**3 + 12*m**3. Let u be o(5). Let n = u + -35. Is 16 a factor of n?
False
Suppose 0 = 2*w + 3*v - 1970, 3*w - 4*v - 2972 = -0*w. Suppose 0 = -7*i + 11*i - w. Is i a multiple of 38?
False
Let k be -1 + (2 - (-1)/1). Let r(x) = 57*x - 4. Is 22 a factor of r(k)?
True
Let t(j) = 2*j - 3*j - 2 - 3*j. Let m be (0 + 1)*(-5 - 4). Is 17 a factor of t(m)?
True
Let q be 3/(4/10 - (-1214)/(-2960)). Let l = -156 - q. Is l a multiple of 23?
False
Let x = 15 + -3. Suppose 4 = -k + p + 1, x = k + 4*p. Suppose 3*a = 3*s - 93, 25 = s - k*a + a. Is s a multiple of 14?
True
Suppose -h = 5*s - 114, s - h - 4*h = 28. Let k = s + -18. Suppose -k*d - 3 = -28. Is d a multiple of 5?
True
Let p = 17 + -37. Let o = -15 - p. Is (o - (1 + 0)) + 70 a multiple of 16?
False
Suppose 3*s - 2*p - 194 = 303, 658 = 4*s + 2*p. Is s a multiple of 33?
True
Suppose -5*y = i - 3 - 10, -2*i - 4 = 0. Suppose 0 = -3*s + 5*s - 10. Suppose s*j + 87 = 2*n, -51 = -n + 2*j + y*j. Is n a multiple of 11?
False
Suppose -2*t + 38 = -18. Suppose -4*x - 6*w = -w - 4, 3*x - 4*w = -t. Is 11 a factor of 0 - (-28 + -1) - x?
True
Let x be (11/(-33))/(2/(-6)). Let q be (-16)/(-12)*3 + 41. Let a = x + q. Does 13 divide a?
False
Let p(i) = -58*i + 4. Let s(l) = l - 1. Let m(o) = p(o) + 6*s(o). Is m(-5) a multiple of 55?
False
Suppose 3*y - 2754 = -11*k + 6*k, -5*k = 4*y - 2752. Does 24 divide k?
True
Suppose 6*m - 8*m = 5*d - 101, -4*m - 5*d + 177 = 0. Is 5 a factor of m?
False
Suppose -r - r = 0, -2*r + 8 = 4*p. Suppose -4*h + p*s + 577 = -s, 5*h = -3*s + 728. Does 32 divide h?
False
Let l = -326 + 314. Let s(i) = 7*i**3 + 24*i**2 + 7*i - 1. Let h(m) = 11*m**3 + 36*m**2 + 11*m - 2. Let n(k) = 5*h(k) - 8*s(k). Does 5 divide n(l)?
True
Let l = 3 - -1. Suppose -p - 3*x + 17 = l*p, -6 = -p + 2*x. Suppose p*w - 235 = -31. Is w a multiple of 17?
True
Let o = -35 + 71. Let q = o + 8. Is 18 a factor of q?
False
Suppose 4 = 5*l - 136. Suppose 2*c + 2*c - l = -2*o, -5*o + 14 = 2*c. Is 3 a factor of c?
False
Let u = -552 - -821. Is 17 a factor of u?
False
Let g(k) = -k + 17. Let x be g(3). Is (-35)/(-245) - (-138)/x a multiple of 2?
True
Suppose 3*k = -0*k + 3*j + 6, 2*j - 20 = -2*k. Let a(i) = -2*i - k + 0*i - 5*i + 4*i. Does 7 divide a(-7)?
False
Is 51 a factor of (-4594)/(-18) - (-158)/(-711)?
True
Let o = -818 + 954. Is 24 a factor of o?
False
Does 28 divide ((3 - 4) + 0)/((-7)/4648)?
False
Let q = 2 - 0. Suppose -5*v + q*p + 12 = 3*p, 4*v + 2*p = 6. Suppose -60 = -v*z - 0*z. Is 5 a factor of z?
True
Let j(y) = -231*y + 484. Does 6 divide j(-7)?
False
Suppose 2*x = -2*x + t + 602, 440 = 3*x + 5*t. Suppose -x = -5*a - w, 4*a + 0*w = 2*w + 120. Is a a multiple of 10?
True
Suppose 4*l - 12 = 0, 9*j - 5*j - 654 = 2*l. Is j a multiple of 5?
True
Let n(o) = -4*o**2 + 6*o + 11. Let r be n(-5). Let m = -51 - r. Does 17 divide m?
True
Let v = 178 - -164. Is v a multiple of 38?
True
Let u = -365 - -409. Is u a multiple of 3?
False
Suppose 98*h = 94*h + 3*b + 4633, h + 2*b - 1172 = 0. Is h a multiple of 77?
False
Let p(c) = -98*c**3 - c**2 + 4*c + 12. Is 64 a factor of p(-2)?
False
Suppose -8*x + 3*b + 1205 = -6*x, 5 = 5*b. Is 68 a factor of x?
False
Suppose 26*h - 31*h + 1015 = -5*w, 5*w = h - 219. Does 4 divide h?
False
Suppose 5*w = 5*j + 1830, -5*j + 0*j + 1446 = 4*w. Is w a multiple of 26?
True
Suppose 12 = -4*z + 5*q, -3*z + q - 8 = -5*z. Suppose 6 - 48 = -z*a. Does 3 divide a?
True
Let l = 848 - 728. Is 8 a factor of l?
True
Let h(z) = -31*z + 27. Is h(-5) a multiple of 7?
True
Suppose 3*t - f = -112, 0 = t - 0*t - 2*f + 29. Let i be (-8)/(-6) + (-26)/t. Suppose 4*j - 61 = c, 40 = 3*j + i*c - 3. Does 5 divide j?
True
Let v = 3700 - 1600. Does 50 divide v?
True
Let z = -5 - -5. Suppose z = -4*k - 0*k. Suppose 2*y + 29 = j + 7, j - 3*y - 22 = k. Is 11 a factor of j?
True
Let q(l) = 313*l - 102. Does 93 divide q(3)?
True
Let q(y) = -2*y**2 - y + 4. Let m be q(2). Is (-264)/20*(1 + m) a multiple of 11?
True
Is 84 a factor of (2 + -14)/(7/(1652/(-3)))?
False
Let d = 23 + -17. Let s = d + 9. Is s a multiple of 6?
False
Let b be 3/(-12) - (-14)/(-8). Let d be (b - -42)/(-1) - -1. Let f = d + 60. Is f a multiple of 21?
True
Let b(a) = -a**3 - 7*a**2 + 20. Is b(-9) a multiple of 7?
True
Let n = -2 + -1. Let m be (3 + -3)/(-2 - n). Suppose m = 2*t - f - 26, 2*t - 4*t = -5*f - 34. Is t a multiple of 12?
True
Let g = -5141 - -7310. Does 15 divide g/21 - (-2)/(-7)?
False
Suppose 10*o - 3 = 9*o. Suppose o*n = -4*f + 9, 0*n + 3 = n - 5*f. Suppose 0 = -n*v - 0*v + 81. Is 14 a factor of v?
False
Let w be (-29)/5 - ((-20)/(-25))/4. Is w/135*3 + (-632)/(-15) a multiple of 7?
True
Let q = 2 + 7. Suppose n - h - q = 0, 4*h + 20 = n - 4. Suppose n*j = 3*j + 21. Is j a multiple of 7?
True
Let v be 5 + 4/(-8)*2. Is v - (-595)/10 - (-1)/(-2) a multiple of 15?
False
Let j = -56 + 61. Suppose -v + 216 - 46 = f, 5*v - j*f - 830 = 0. Does 21 divide v?
True
Let k = 457 + -247. Is 6 a factor of k?
True
Let c(h) = h**3 + 86*h**2 + 3*h + 435. Does 25 divide c(-86)?
False
Let v be 1644/28 + (-2)/(-7). Suppose 3*c - 4*c = -v. Is c a multiple of 10?
False
Suppose -18*r - 5 = -19*r. Suppose f = r*p + 63 + 11, 4*p = 3*f - 189. Is 21 a factor of f?
False
Let q be (-18)/(1 - -2)*-2. Suppose 3*l - 3*k + 6*k = -q, -5*l - 20 = -4*k. Is 13 a factor of 6/l*(-936)/27?
True
Let q be (-1 - 1) + -2 + -16. Let h(i) = -i**3 - 21*i**2 - 23*i + 6. Does 11 divide h(q)?
True
Let i = -54 + 86. Let f = -22 + i. Is f a multiple of 2?
True
Let w be 4/26 - 1296/(-26). Suppose 24 = -u + 5*u + 4*i, 0 = -5*u + 3*i - 2. Suppose u*t - w = t. Is t a multiple of 14?
False
Suppose -2*b - 3 = 5. Let f be 277 - (0 - (b + 7)). Suppose -3*m + 8 = -f. Is m a multiple of 24?
True
Suppose -3*g + 166 = 4*l, 0*g + 138 = 3*g - 3*l. Suppose 0*r + r = g. Suppose 0 = -5*c + 25, -3*n - 2*c + r = -c. Is n a multiple of 12?
False
Suppose 2*b + 6 = 5*b. Let p be 25 + -9 - 1*b. Suppose -4*d + c + c = -10, -5*d = -2*c - p. Is d even?
True
Let i = 2762 - 2677. Is i a multiple of 21?
False
Let o = 195 + -119. Is 3 a factor of o?
False
Let b(o) = 9*o**2 - o**2 + o + 7 - 8*o - 6*o**2. Let p(r) = r**3 - 6*r**2 - 6*r - 3. Let s be p(7). Is b(s) a multiple of 2?
False
Let k = 89 + 44. Let y be -81 - 14 - 3/(-5 + 2). Let l = k + y. Is 13 a factor of l?
True
Suppose -8945 = -3*v + 2*z, -5950 = -2*v + 4*z - 0*z. Is 15 a factor of v?
True
Let g be (4/(-6))/(6 + (-32736)/5454). Let y = g - 99. Is y a multiple of 13?
False
Suppose 33*t = 489 + 435. Is t a multiple of 14?
True
Let n = 12 + -8. Suppose -5*b + c = -10, -c + 6 + 2 = n*b. Suppose 3*w - 6 = b*u + 23, 3*w = 3*u + 27. Does 11 divide w?
True
Let h(j) = -5*j - 2. Let k be h(-1). Suppose -139 = -0*q - k*q + 5*r, -r = -5*q + 195. Does 19 divide q?
True
Let l(d) be the third derivative of -d**6/720 + 2*d**5/15 + d**4/6 - d**2. Let n(h) be the second derivative of l(h). Is n(0) a multiple of 16?
True
Let m be (-1)/(-4)*18*50. Suppose 0 = -6*b + b + m. Does 15 divide b?
True
Let d(g) = g**2 - 23*g + 74. Is d(-14) a multiple of 16?
True
Let a = 19 + -11. Let l(m) = 8 - 4 + a - 3 + m. Does 15 divide l(12)?
False
Suppose 4*w + 2*q - 2548 = -22, 3*w - 4*q = 1878. Is 15 a factor of w?
True
Let x = -84 + 259. Suppose 0 = -4*p - k + x, k + 4*k = -5. Is p a multiple of 11?
True
Suppose 5*x = 0, -4*f + x = -2*x + 28. Let o = f - -10. Suppose -4*w - 8 = 0, -o*i + 36 = w - 4*w. Is i a multiple of 5?
True
Let j(o) = -o**3 - 9*o**2 - 5*o - 1. Let m be j(-8). Let g = 44 - m. Suppose g = 4*q - 3. Is 6 a factor of q?
True
Does 17 divide 1*((-2)/3)/(16/(-4488))?
True
Let o be 1/(-3)*-9 + 1. Is (o/14 - (-124)/7) + -3 a multiple of 4?
False
Suppose -9 + 11 = j. Let w(l) = -l**j - 1